202200022021
What is -142199 (base 10) in base 13?
-4c955
Convert -10110101000010000010 (base 2) to base 16.
-b5082
Convert -b8a84 (base 15) to base 10.
-586249
-1654247 (base 8) to base 15
-979b7
-7688115 (base 9) to base 10
-4132796
Convert -27d49 (base 16) to base 13.
-59348
What is -951630 (base 13) in base 11?
-1a7239a
Convert -30a7d3 (base 14) to base 10.
-1642469
Convert 366724 (base 13) to base 3.
2110000202211
What is 20ce9 (base 15) in base 7?
612462
Convert -120020211220010 (base 3) to base 4.
-132323012202
What is 11300013311 (base 4) in base 14?
2b3701
442183 (base 9) to base 13
9325b
102042201 (base 5) to base 15
85c6b
Convert -2172632 (base 8) to base 16.
-8f59a
c4715 (base 16) to base 12
329785
What is -202002340 (base 5) in base 12?
-332491
110011011101001 (base 2) to base 11
18880
What is 1360502 (base 8) in base 7?
3163313
Convert -3223443201 (base 5) to base 9.
-13814016
What is 223333530 (base 7) in base 14?
1b3a150
What is -113124 (base 5) in base 7?
-15066
What is a9174 (base 13) in base 6?
10315011
-5935471 (base 10) to base 6
-331115011
What is 19901 (base 15) in base 16?
14452
101110110111000001 (base 2) to base 8
566701
Convert -2633ca (base 13) to base 5.
-213434331
Convert 61617 (base 10) to base 15.
133cc
12969 (base 14) to base 5
2431021
Convert 1613cd (base 14) to base 8.
2743371
-4308d (base 15) to base 7
-1544200
What is -288572 (base 11) in base 13?
-12a108
Convert -121212211021 (base 3) to base 9.
-555737
Convert -224214434 (base 5) to base 9.
-1805017
-107142 (base 12) to base 15
-52582
4101023 (base 9) to base 16
21595b
What is -258418 (base 9) in base 12?
-76a98
What is 11110210122 (base 3) in base 5?
10304224
110221010201021 (base 3) to base 9
13833637
What is 13230011 (base 4) in base 9?
47172
Convert -5e50e4 (base 15) to base 11.
-2609a89
What is 1209700 (base 10) in base 14?
236bd2
What is -1460770 (base 10) in base 15?
-1dcc4a
Convert -205232 (base 7) to base 11.
-246a8
What is 2050550 (base 6) in base 15?
1e96c
What is 3c1a0 (base 13) in base 2?
11011011011011010
22554535 (base 7) to base 13
54434b
Convert 6a00b4 (base 13) to base 9.
4650804
Convert -1668170 (base 9) to base 12.
-38a999
161204 (base 9) to base 3
12001020011
-419369 (base 14) to base 9
-4145470
What is -251451 (base 9) in base 16?
-251c2
-4396873 (base 10) to base 6
-234123521
What is -1239535 (base 10) in base 15?
-19740a
What is 1784521 (base 12) in base 8?
22544751
-713540 (base 8) to base 11
-150914
What is 7b688 (base 13) in base 7?
1625422
What is -44450 (base 16) in base 4?
-1010101100
What is -1111011110110100 (base 2) in base 4?
-33132310
31067175 (base 8) to base 4
121012321331
31d31 (base 16) to base 14
54533
What is -1021002222202 (base 3) in base 13?
-1a67a4
Convert 66551 (base 8) to base 12.
14261
22031321203 (base 4) to base 6
133223511
What is 223021330032 (base 4) in base 13?
246133b
Convert 86a9 (base 16) to base 13.
128ca
Convert -5d19 (base 16) to base 8.
-56431
What is -46c1f (base 16) in base 14?
-77899
Convert 133023011 (base 4) to base 10.
127685
Convert 22c22b0 (base 14) to base 13.
3593725
Convert 2357271 (base 9) to base 4.
10320003103
Convert -2610a (base 15) to base 14.
-32515
What is -1302211 (base 4) in base 10?
-7333
Convert -115435425 (base 6) to base 3.
-11012020200222
What is -1193445 (base 14) in base 15?
-b156db
Convert -bb377 (base 14) to base 11.
-28a760
Convert -c29a (base 16) to base 6.
-1022350
Convert -10100011001110110110 (base 2) to base 10.
-668598
Convert -1100000111100011011 (base 2) to base 16.
-60f1b
Convert 11563243 (base 8) to base 7.
30445454
-5c78b (base 14) to base 11
-1451a2
2022121100001 (base 3) to base 4
10230311332
What is 1e38d2 (base 16) in base 11?
113308a
7454303 (base 10) to base 2
11100011011111001011111
Convert -20111200200 (base 3) to base 4.
-133101033
Convert 1311124 (base 7) to base 3.
22200101221
What is 1101111011101000100100 (base 2) in base 9?
6775704
Convert -1a468 (base 13) to base 7.
-302354
7b5c01 (base 14) to base 16
402399
-2537 (base 11) to base 3
-11112111
What is -7117740 (base 8) in base 12?
-765740
-50177114 (base 8) to base 13
-2255518
576785 (base 11) to base 3
1201120102200
86564 (base 10) to base 14
23792
-12000221010 (base 3) to base 6
-2042433
What is -1216346 (base 7) in base 2?
-100110000011111111
-441113233 (base 5) to base 14
-374762
-1021213232 (base 4) to base 8
-1114756
What is 21c988 (base 14) in base 5?
243231001
What is 3458923 (base 10) in base 16?
34c76b
Convert -111011110110001001011 (base 2) to base 14.
-39093d
Convert 50583 (base 12) to base 16.
19833
Convert -134775 (base 9) to base 3.
-11011212112
What is -3646ac (base 14) in base 12?
-756294
521021201 (base 6) to base 10
9007489
What is -2c052 (base 13) in base 6?
-1442453
1516a72 (base 11) to base 2
1001111010111100011100
-1802136 (base 9) to base 14
-1c2589
1101010000101110 (base 2) to base 12
27526
-1023122 (base 6) to base 3
-2112111212
7a5078 (base 13) to base 9
5403184
What is -1010010111100110001011 (base 2) in base 9?
-5102461
What is 514 (base 7) in base 4?
10000
9074a7 (base 12) to base 13
60b21b
-101101010110110100111 (base 2) to base 5
-340024442
10c607b (base 13) to base 12
189b3a1
Convert 15312035 (base 7) to base 4.
11211233222
What is 10204141 (base 5) in base 10?
84921
Convert -805a4 (base 12) to base 6.
-3323524
2221102122 (base 3) to base 7
330551
-13312330121 (base 4) to base 8
-7667431
2848625 (base 12) to base 8
36576575
What is -102222010212 (base 3) in base 11?
-150a96
What is 154087 (base 9) in base 15?
1d184
-60224 (base 11) to base 13
-31150
-44927 (base 10) to base 3
-2021121222
What is a710 (base 11) in base 5?
423133
-134130 (base 5) to base 13
-26a2
What is -241400250 (base 6) in base 2?
-10001011000100000100110
Convert 115285 (base 9) to base 12.
34272
What is -32405 (base 12) in base 11?
-45853
Convert 1a0ba0 (base 13) to base 14.
13219a
What is -39d6a (base 16) in base 12?
-b5122
What is 5787681 (base 9) in base 14?
5b62a6
What is -2012310111 (base 4) in base 15?
-ad943
34811 (base 10) to base 16
87fb
Convert 2036 (base 12) to base 5.
102443
-323100100 (base 5) to base 6
-45312154
Convert 253005404 (base 6) to base 16.
4ac50c
-100100110110101010100000 (base 2) to base 12
-329aaa8
Convert -611037 (base 9) to base 4.
-1120102102
What is -6147300 (base 8) in base 11?
-a10533
-84330 (base 14) to base 4
-1031313112
2331313410 (base 5) to base 13
114bc4c
What is -110124 (base 8) in base 14?
-d672
What is -121011323 (base 6) in base 15?
-302cd9
Convert 10101010001010010 (base 2) to base 8.
252122
What is 2512006 (base 11) in base 12?
1566532
Convert 97330 (base 10) to base 6.
2030334
-53125 (base 9) to base 7
-204215
-a5903 (base 16) to base 5
-133200042
4026250 (base 7) to base 8
1644625
-410598 (base 10) to base 16
-643e6
Convert -275596 (base 10) to base 4.
-1003102030
-95b243 (base 13) to base 11
-1a87402
What is -1011111110100100100000 (base 2) in base 7?
-35455101
12012120102021 (base 3) to base 15
399c24
What is -22c405 (base 16) in base 3?
-11021202101101
What is -436a55 (base 12) in base 14?
-1dba25
-85160 (base 13) to base 9
-404745
Convert 172dff (base 16) to base 10.
1519103
What is -10002121201 (base 3) in base 14?
-18302
What is 2101212 (base 4) in base 15?
2b63
Convert -13042355 (base 6) to base 9.
-717808
-3477506 (base 10) to base 2
-1101010001000000000010
2221211122202 (base 3) to base 10
1571474
What is -6434 (base 16) in base 6?
-314432
Convert -10121201110 (base 3) to base 15.
-16193
-12ab78 (base 14) to base 6
-21451050
What is -ba706a (base 14) in base 15?
-84c6bb
Convert 100101110101010100100 (base 2) to base 11.
777465
Convert 15d3d (base 16) to base 3.
11112122022
What is 10643250 (base 7) in base 8?
3442357
Convert -116499 (base 13) to base 12.
-17b5a6
Convert -50641a (base 11) to base 16.
-c6ab2
-255500002 (base 6) to base 2
-10011001100010010100010
What is -75306a (base 11) in base 6?
-41452555
-1001000001011000000111 (base 2) to base 3
-11110011002012
What is -2975a6 (base 12) in base 9?
-1272370
Convert -69535 (base 14) to base 15.
-50db4
257822 (base 9) to base 10
156674
-16db26 (base 16) to base 8
-5555446
d76071 (base 14) to base 13
167a438
1598252 (base 10) to base 15
218852
What is -23031312 (base 5) in base 